2177530681 a composite number?
True
Is 10664704131 a prime number?
False
Is 1562715247 a composite number?
False
Is 4526682907 a composite number?
False
Is 507180887 prime?
True
Is 1319823061 a composite number?
True
Is 8456040379 a composite number?
True
Is 5261243639 prime?
False
Is 3209431079 composite?
False
Is 9388393631 a prime number?
True
Is 95266395463 a prime number?
True
Is 9500414003 a composite number?
True
Is 9485837953 composite?
True
Is 20920124507 a prime number?
True
Is 38935667933 prime?
False
Is 5265843853 prime?
True
Is 469629967 a prime number?
True
Is 1276772821 composite?
True
Is 375643549 a prime number?
False
Is 77849284921 a prime number?
False
Is 195030773597 a prime number?
False
Is 72438792731 a prime number?
True
Is 1059539147 a composite number?
False
Is 588646241 prime?
True
Is 27873150293 prime?
True
Is 722480503 a composite number?
False
Is 1105923737 a prime number?
True
Is 2208256621 composite?
True
Is 10092206161 prime?
False
Is 5974338223 a composite number?
True
Is 58948515133 a prime number?
False
Is 16686284119 a prime number?
False
Is 20535335323 prime?
False
Is 1851604143 a prime number?
False
Is 604338079 composite?
True
Is 2128629271 a composite number?
False
Is 5353951153 a composite number?
False
Is 374386097 a composite number?
True
Is 49479723151 composite?
False
Is 820989733 a composite number?
False
Is 964391261 composite?
True
Is 246821405 a prime number?
False
Is 37018204291 a composite number?
False
Is 1190652277 composite?
False
Is 1384427413 prime?
False
Is 8160971387 a prime number?
False
Is 16568184013 a composite number?
False
Is 936828913 prime?
True
Is 3270138821 a composite number?
True
Is 78191858009 a prime number?
False
Is 78802049483 prime?
True
Is 418823431 a composite number?
True
Is 138059236453 a prime number?
True
Is 1147915097 a prime number?
False
Is 63149783 a prime number?
False
Is 12713826889 a composite number?
True
Is 12779584297 prime?
True
Is 159319177001 a composite number?
True
Is 4456193185 prime?
False
Is 13559756141 composite?
True
Is 1724314937 a composite number?
False
Is 155047979 composite?
True
Is 72985156369 a prime number?
True
Is 305636917 prime?
True
Is 45845581 composite?
False
Is 12084673901 a composite number?
True
Is 675871043 composite?
False
Is 8297103121 a composite number?
False
Is 26598838991 composite?
True
Is 4875552113 a prime number?
False
Is 6468949807 composite?
True
Is 32299535707 composite?
True
Is 3008563687 a prime number?
True
Is 65180698621 a prime number?
False
Is 1242897809 a prime number?
False
Is 392314597 a composite number?
False
Is 2066909009 composite?
True
Is 66669500299 prime?
True
Is 2947039177 composite?
False
Is 5039254889 a composite number?
False
Is 3551662955 a composite number?
True
Is 2540094313 a prime number?
True
Is 1490510251 prime?
False
Is 13621285583 a composite number?
True
Is 2993084051 prime?
True
Is 117300340307 prime?
True
Is 304224169 a prime number?
False
Is 2869605449 a prime number?
False
Is 125672312273 composite?
True
Is 8855857037 prime?
False
Is 179364457 a prime number?
True
Is 56054773 a prime number?
True
Is 10276684289 prime?
True
Is 7880661257 a prime number?
False
Is 742646251 a composite number?
False
Is 4330625789 composite?
True
Is 423699979 composite?
False
Is 28975167223 prime?
True
Is 5921089 a composite number?
False
Is 22115903401 prime?
True
Is 31929929 composite?
True
Is 1874752811 composite?
False
Is 3804623461 composite?
False
Is 6046944689 prime?
True
Is 787360565 composite?
True
Is 497461399 a prime number?
False
Is 7035236447 composite?
False
Is 12138073513 composite?
False
Is 10383664409 a composite number?
False
Is 44333501243 composite?
False
Is 1267142221 a composite number?
False
Is 519552757 prime?
True
Is 1539878843 prime?
False
Is 634763671 prime?
True
Is 251165062 composite?
True
Is 33738106847 composite?
False
Is 66613293281 composite?
True
Is 85443514967 a composite number?
True
Is 1252705393 a composite number?
False
Is 5181174451 prime?
True
Is 34092889171 a prime number?
False
Is 166242829 prime?
True
Is 87490311457 a prime number?
False
Is 282796081 prime?
False
Is 1911561703 a composite number?
False
Is 1055737883 a prime number?
False
Is 18731010479 a prime number?
False
Is 4263257177 a composite number?
True
Is 2849411461 composite?
True
Is 32247184973 prime?
True
Is 3766202849 a prime number?
False
Is 1749965081 a prime number?
False
Is 21557335139 a prime number?
False
Is 638363665 a prime number?
False
Is 138664426003 a prime number?
True
Is 4815776729 composite?
True
Is 14847896377 a prime number?
True
Is 587549047 composite?
True
Is 4973959153 prime?
False
Is 20247400967 a composite number?
False
Is 20658115787 a composite number?
False
Is 14200057367 a prime number?
False
Is 2656148207 a prime number?
True
Is 159376967 composite?
True
Is 220650487 a prime number?
True
Is 490192189 a prime number?
True
Is 551562821 a composite number?
False
Is 38537315473 a composite number?
False
Is 9053603549 a composite number?
False
Is 7899178519 composite?
False
Is 77824129 a prime number?
True
Is 26705085133 a prime number?
True
Is 1632055731 prime?
False
Is 947625559 composite?
False
Is 206091761 prime?
True
Is 24733407115 a prime number?
False
Is 586664807 a composite number?
False
Is 10492782617 prime?
False
Is 140056187519 composite?
False
Is 1623630377 a composite number?
False
Is 527064611 prime?
True
Is 48158817277 prime?
False
Is 13162584191 a prime number?
False
Is 115672187 a composite number?
False
Is 20018161 a prime number?
True
Is 34840855213 composite?
False
Is 238286908703 composite?
True
Is 270109369 a composite number?
False
Is 10410400963 a composite number?
False
Is 953502283 prime?
False
Is 2187360239 a prime number?
True
Is 527585359 composite?
True
Is 16636953497 prime?
False
Is 12195261313 prime?
False
Is 73418959 prime?
False
Is 40127027914 a composite number?
True
Is 77476303 a composite number?
True
Is 1008840355 composite?
True
Is 72563133569 a prime number?
True
Is 1398959153 prime?
False
Is 526695926 prime?
False
Is 43511555441 a composite number?
False
Is 60829439 a composite number?
True
Is 62141275489 composite?
False
Is 1198148339 a prime number?
True
Is 1005694022 a prime number?
False
Is 11775475763 a composite number?
False
Is 2517511019 composite?
False
Is 184241327 composite?
False
Is 10871439547 prime?
False
Is 541026271 a composite number?
False
Is 2927447977 composite?
True
Is 11879470697 composite?
False
Is 1392693641 a composite number?
True
Is 55081646771 a prime number?
True
Is 376720453 a composite number?
True
Is 346201393 composite?
False
Is 40614425729 a composite number?
False
Is 549103789 a composite number?
True
Is 1429896613 a prime number?
False
Is 860686831 a composite number?
True
Is 47232333703 prime?
False
Is 200996427 a composite number?
True
Is 4340263583 a composite number?
True
Is 2153209321 a composite number?
True
Is 525882653 a prime number?
True
Is 35220443749 a prime number?
True
Is 17730271043 a prime number?
True
Is 4705134143 a prime number?
False
Is 55394319746 composite?
True
Is 704800321 a prime number?
False
Is 104595371795 a prime number?
False
Is 92555432989 a composite number?
False
Is 1662114371 prime?
False
Is 10283360359 prime?
False
Is 14769885211 prime?
False
Is 6656570797 a prime number?
True
Is 1896439957 a composite number?
False
Is 40937284379 composite?
False
Is 204118951691 prime?
False
Is 14748791273 composite?
False
Is 8456827193 a prime number?
False
Is 17706644171 prime?
False
Is 1392468995 a composite number?
True
Is 24257053481 composite?
False
Is 21517001461 prime?
True
Is 49708155221 prime?
False
Is 13319733353 composite?
False
Is 3953361569 a composite number?
True
Is 3869097907 prime?
True
Is 27003672581 prime?
True
Is 84797701223 a composite number?
True
Is 180171626353 composite?
False
Is 8416470145 a composite number?
True
Is 155459255803 prime?
True
Is 1915882417 a prime number?
False
Is 2709257647 prime?
True
Is 73540174303 a prime number?
True
Is 1261634317 a composite number?
True
Is 1182173041 a composite number?
True
Is 1100132209 prime?
False
Is 13771851943 a prime number?
False
Is 6981311399 prime?
True
Is 214658281 composite?
True
Is 1080067147 p